be f/22 - 74/(-4). Let i = -5 + w. What is the units digit of i?
4
Suppose -b - 3*p = -11, 12 = 5*b + 3*p - 7. Suppose -3*y = -2*t + 18, b*y + 2 + 3 = -t. What is the units digit of t?
3
Let y = 93 + -26. Let t = 136 + y. What is the tens digit of t?
0
Let b = 3366 + -2341. What is the hundreds digit of b?
0
What is the hundreds digit of ((-2497)/4)/((-152)/(-32) - 5)?
4
Let w(k) be the third derivative of k**7/5040 - k**6/240 + k**5/20 - k**2. Let r(b) be the third derivative of w(b). What is the units digit of r(9)?
6
Suppose -2*p - 6 = i, p + p + 2*i + 6 = 0. What is the tens digit of p*(233/(-3) - -2)?
2
Suppose 26*t = 16*t + 50. Suppose -5*l - t*i + 1223 = -4*i, 2*i - 6 = 0. What is the tens digit of l?
4
Let i(z) = 4 + 4*z**2 - 6*z + 4*z + 6*z. Let d be (-6)/(-4 - -2)*(1 - 2). What is the tens digit of i(d)?
2
Let j(r) = -6*r - 3. Suppose 4*k + x - 6 = -18, 2*x - 15 = 5*k. Let s be (k - -2) + -12 - -4. What is the tens digit of j(s)?
5
Let m(i) = -i + 7. Suppose b - 19 = -6. Let x be m(b). Let p = x + 16. What is the units digit of p?
0
Let y(g) = g**3 + g**2 - 3*g + 1. Let b be y(-3). Let o = -2 - -5. What is the units digit of 3*o - (b - -5)?
2
Suppose 6 + 7 = g + s, 0 = 5*g - 3*s - 89. Suppose -g - 14 = 3*q. What is the units digit of (q/15)/((-4)/168)?
8
Suppose 61 = -5*n - 14. Let k be (10/n)/((-2)/93). Let p = k - 11. What is the units digit of p?
0
Let q(w) = 5*w**2 - 5*w - 110. What is the tens digit of q(-7)?
7
Let v(f) = f**3 + 10*f**2 + 2*f - 5. Let p be v(-5). Suppose 117 = -3*o + 3*y + 39, p = -5*o + y. Let r = -10 - o. What is the tens digit of r?
1
What is the units digit of (-10016)/(-14) + 42/(-98)?
5
Suppose -4*l - 18*l = -30514. What is the tens digit of l?
8
Let n = -64 + 66. Suppose n*l = 18 + 4. What is the tens digit of l?
1
What is the thousands digit of 1554 + ((-4)/22)/(2/(-22))?
1
Suppose 4*f = w - 1927, -6*f + 2*f = 4*w - 7788. What is the tens digit of w?
4
Let n(j) = 2*j - 7. Let w be n(5). Let g be 0 - (-2 + 0/w). Let b = g + -1. What is the units digit of b?
1
Let m = -28 + 32. Suppose -m*r + 9*r - 350 = 0. What is the units digit of r?
0
Let w(z) = z**2 - 7*z + 13. Let t be w(5). Let q(u) = 6*u**2 + 3*u - 3. What is the tens digit of q(t)?
6
Suppose -2*p = -0*z + 2*z - 20, 4*z - 4*p = 0. Suppose 22 = -m - z. Let u = m + 72. What is the units digit of u?
5
Let w be 2*4/(-8)*2. What is the units digit of 35 + (w - 4/4)?
2
Suppose -2*c + 26 = 4*w, -2*w - 2*c - 2*c = -28. Suppose -5*u - x + 11 = 0, x - 5 = -w*u + u. Suppose -u*m + 1 = -35. What is the tens digit of m?
1
Suppose 6*m - 8*m = -126. Let t be (-1)/(((-4)/m)/4). Let n = -24 + t. What is the units digit of n?
9
Let f(k) = -240*k - 405. What is the thousands digit of f(-6)?
1
Let b(r) = -3*r + 11. Let z be b(5). Let q(i) = -42*i + 24. What is the units digit of q(z)?
2
Let t = -43 + 15. Suppose -83 = 2*j + 15. Let u = t - j. What is the tens digit of u?
2
Let o(b) = 31*b - 8. Let z be o(-2). Suppose -3*d + 4*i - i - 21 = 0, 5*i + 19 = -4*d. What is the units digit of (d/(-4))/((-21)/z)?
5
Suppose 0 = 2*o - 9 + 3, -3*v = 2*o - 366. Suppose 5*j + 3*h = v, -j + 3*h + 0 + 24 = 0. Suppose 0 = -0*n - 4*n + j. What is the units digit of n?
6
Let n be (-27)/18*4/6. What is the units digit of n/5 - (-498)/15?
3
Suppose 15*s - 33117 = 8*s. What is the units digit of (-10)/45 - s/(-27)?
5
What is the units digit of (-7 + 1)*-1*6916/84?
4
Let f(y) = 18*y**2 + 2*y - 1. Let b be f(2). Suppose -7*t = -2*t - b. What is the units digit of t?
5
Suppose 0 = -2*r + 2*l + 856, 6*r - 1710 = 2*r + 5*l. What is the hundreds digit of r?
4
Let p be 4/(-10) - (-48)/120. Let i(d) = 1 - 2*d - 4*d**3 + 5*d**3 + 3*d. What is the units digit of i(p)?
1
Suppose -4*a - 147 = 5*h, a = -2*a - 9. Let s = h - -43. What is the units digit of s?
6
Suppose -5*h = 4*r - 153, -2*h = -3*r + h + 135. Suppose -315 = -5*g - 15. Let i = g - r. What is the tens digit of i?
1
Suppose -111*u + 22*u + 66127 = 0. What is the units digit of u?
3
What is the hundreds digit of ((-27)/(-15))/((-5)/(97700/(-12)))?
9
Suppose -13*l - 7244 = -1472. Let h = 644 + l. What is the tens digit of h?
0
Suppose -18554 = -5*r - 4*o, 5680 + 12882 = 5*r + 2*o. What is the thousands digit of r?
3
What is the tens digit of (6 - 1) + (-985)/(-10)*14?
8
Let a = 76 - -45. What is the hundreds digit of a?
1
Suppose 87*k = -a + 90*k + 1051, -4*k - 4172 = -4*a. What is the units digit of a?
9
Suppose -11*t - 96 = -9*t. What is the tens digit of 390/4 - t/32?
9
Suppose -14325 = -5*h - 4*f - f, 0 = 5*h + 4*f - 14327. What is the hundreds digit of h?
8
Suppose 3*z - 391 = -y, 5*y = -0*z - 5*z + 1965. What is the tens digit of y?
9
Let t = -162 + 257. What is the tens digit of t?
9
Let i be -2 - (-8 + 3 - -1). Suppose 18 = -i*x + 194. What is the units digit of x?
8
Suppose -4*i = -92 - 208. Suppose y - i = 13. What is the tens digit of y?
8
Let f = -296 + 993. What is the units digit of f?
7
Let k be 12/5 + (-2)/5. Let v = -929 - -929. Suppose 0 = -3*i + k*z + 28, 3*i + v*i - 34 = -4*z. What is the tens digit of i?
1
Let n be 27 + (0 - 3) - 3. Let h be (1/(-3))/(1/n). Let u(z) = -z + 5. What is the tens digit of u(h)?
1
Let p(a) = 79*a**2 + 39*a - 170. What is the tens digit of p(4)?
5
Let s(v) = v**2 - 6. Let f be s(-3). Suppose 2*d + 0*r + 6 = -2*r, -r - 7 = -f*d. What is the units digit of 1/d*(15 - 0)?
5
Suppose 3326 = 7*x + 1065. What is the tens digit of x?
2
Let t = -24 + 6. Let f be (-30)/t - 8/(-6). Suppose -129 = f*h - 6*h. What is the units digit of h?
3
Let p = -24 - -31. Let g = p + -1. What is the tens digit of ((-76)/(-6))/(g/27)?
5
Suppose z - 5 = 6*z. What is the units digit of ((-3 - -77)/z)/(-1)?
4
Suppose -n + 1100 = 3*r, 0 = -40*r + 44*r + 3*n - 1460. What is the hundreds digit of r?
3
Let u be 1582/10 + (-20)/(-25). Suppose 3*c + 3*m = 189, 2*m - u = -3*c + 5*m. Suppose -c = -5*g + 2*h, -3*h = -0*g - 3*g + 33. What is the units digit of g?
2
What is the tens digit of (-15)/(-9) - 95055/(-45)?
1
Suppose 3*w + 2*i - 15 = -i, 4*w - 41 = 3*i. Suppose 3*g + 2*d - 169 = 0, -w - 55 = -g - 4*d. What is the units digit of g?
5
Let r(y) = -28*y + 3. Suppose 5*q = -m - 3*m + 6, 4*m - 16 = 0. What is the units digit of r(q)?
9
Let r be (1*-1)/(5/(-20)). Let c be 184/(-10)*(-10)/r. What is the tens digit of c/3 - 8/24?
1
Let k = -25 + 25. Suppose -2*v + 3*m + 90 = k, -4*v + 3*m + 149 + 31 = 0. What is the tens digit of v?
4
Suppose -d - 3*d - 26 = 2*i, 4*i = d + 29. Let x be ((-3)/4)/((-1)/4). Let h = x - d. What is the units digit of h?
2
What is the tens digit of 1619085/969 + (-4)/(-34)?
7
Let g(p) = -49*p**3 - p**2 + 1. Let j be g(-1). Suppose -3*z = -h + 47 + j, 237 = 2*h + 3*z. What is the tens digit of h?
1
Let o = 3 - 13. Let v = o + 22. What is the units digit of 58 + -3*(-8)/v?
0
Suppose -500*u + 497*u = -4449. What is the units digit of u?
3
Let f(l) = 13*l**2 - 8*l - 67. What is the tens digit of f(-7)?
2
Suppose 14*d - 235 = 9*d. What is the tens digit of d?
4
Suppose 7*l + 25 + 94 = 0. Let c(q) = 2*q + 40. What is the units digit of c(l)?
6
Let a(z) = -5*z**2 + 3*z + 12. Suppose 0 = -5*h - 0*h + 25. Let p be a(h). What is the units digit of p/(-4) + (-18)/(-12)?
6
Let v = -10 + 14. What is the tens digit of 130/v*(-40)/(-50)?
2
Let k(u) = 9*u**2 + 10*u - 98. What is the tens digit of k(7)?
1
Let n = 264 + 316. What is the hundreds digit of n?
5
Suppose 8*y - 2083 = 933. What is the units digit of y?
7
Suppose 4*w - 213 = 2*n + 109, w - 2*n = 88. Let m = 161 - w. What is the units digit of m?
3
Suppose 0 = 10*u - 12*u + 4. What is the units digit of 11668/36 + u/(-18) + 1?
5
Let n(u) = 13*u**3 - 3*u**2 + 37*u - 6. What is the thousands digit of n(5)?
1
Let h = 12 - 10. Suppose -d - 3*k = 0, d - h*k - 14 = -3*d. Suppose -z + 31 = d*o, -83 = -2*z - 0*o + o. What is the units digit of z?
0
Let m be (-3 - -3) + (-4)/12*-9. Suppose m*i - 34 = -2*i + l, 3*l = 3. What is the units digit of i?
7
Suppose -3*g - u = -2, 4*u = 3*g - 2*g - 18. Suppose 19 = -g*q + 3. What is the units digit of (q + 7)/(1/(-5))?
5
What is the thousands digit of (-9183)/(-6) - (-19)/38?
1
Let a(j) = j**2 + 5*j + 18. What is the hundreds digit of a(-30)?
7
Suppose -84 = 6*a - 3*a. What is the tens digit of a/6*(-144)/56?
1
Let c = -29 - 